ber?
False
Let s(r) = -r**3 - r**2 + 593. Let n be s(0). Suppose 0 = -5*k + 2582 + n. Is k a composite number?
True
Let x = -32 + 32. Suppose 0 = 2*k + k + 5*y - 2100, x = 2*k + 3*y - 1399. Let z = k - 72. Is z composite?
True
Let h(w) = -w**3 + 4*w**2 - 3. Let t be h(5). Suppose 138 = b + 5*a, 3*a + 360 = -4*b + 7*b. Let k = b + t. Is k prime?
False
Let c = 272 - 178. Is c a composite number?
True
Let q(f) = -12*f - 5 - 7*f - 10*f + 4*f. Is q(-6) composite?
True
Let c(y) be the second derivative of y**5/10 - 11*y**4/12 + 2*y**3/3 + 15*y**2/2 + 41*y + 2. Is c(8) a composite number?
False
Suppose -2*t + 62 = -2*d, -4*t = -3*t - 3*d - 35. Let q = t + 150. Is q a prime number?
True
Is 2030847/84 - (-1)/4 a composite number?
True
Suppose 2*c = 5*c - 8985. Is c composite?
True
Let r(o) = -o**3 - 11*o**2 - 20*o - 19. Suppose -12*d - 144 = -4*d. Is r(d) composite?
False
Suppose 3*o + 52*n = 50*n + 14279, -n = -2*o + 9531. Is o a prime number?
False
Suppose -4*t + b + 28 = -3*b, b + 22 = 4*t. Suppose a = t - 1. Is (173 - a)/(2 + -1) a composite number?
True
Let w be ((-24)/(-9) - 3)*-3183. Suppose -257 + w = 4*d. Suppose 0 = p + 2*p - d. Is p prime?
True
Let g be (84/8)/(-3)*(-233 - -1). Let q = -415 + g. Is q composite?
False
Let y = 1683 + -140. Is y prime?
True
Let r(o) = -467*o + 2. Let x(h) = -h**3 + 12*h**2 + 12*h + 12. Let j be x(13). Is r(j) prime?
False
Suppose 5*l + 21 - 6 = 0, 3*t = l - 15. Let x(y) = -1. Let i(s) = -15*s - 4. Let u(z) = i(z) - 3*x(z). Is u(t) a prime number?
True
Let k(s) = s + 1. Let q(g) = g**2 - 10*g - 25. Let h(m) = -5*k(m) - q(m). Let w = 1376 + -1370. Is h(w) prime?
False
Let l = 8 - 9. Let w be -2 - (1 + l + 2). Is (-12)/w + 0 + 212 a composite number?
True
Let t = -6412 + 11639. Is t prime?
True
Suppose -o + 22*q = 19*q - 2407, -2*o - 2*q + 4782 = 0. Is o a composite number?
True
Suppose 3*j + 54829 = 4*o, -5*o + 4*j + 100313 = 31776. Is o composite?
True
Suppose 120198 = 11*o - 10955. Is o prime?
True
Let m(c) = c**3 + 7*c**2 + 7*c + 6. Let d be m(-4). Is 9226/d - 28/(-182) a prime number?
False
Let q(x) = 177 - 168 + 55*x + 4*x. Is q(7) a prime number?
False
Let k be ((-2)/(-6))/(4/12). Let b = k + 4. Suppose 3*t = b*y - 1082, -y + 5*t + 429 = y. Is y prime?
False
Let d = -282577 + 416138. Is d composite?
True
Let t = -82 - -120. Let g(l) = -l - 5. Let i be g(-4). Is t*i/2*-1 a composite number?
False
Suppose 448 = a + 38. Suppose 4*u = -a + 16558. Is u a prime number?
False
Let p = -18 + 23. Suppose -6*q + i = -2*q - 8, 22 = 2*q - p*i. Is 705/30*q*2 prime?
True
Let r(x) = -x**2 - 38*x - 2. Is r(-14) composite?
True
Let f = 26 + -49. Let r = f - -36. Suppose r = i - 13. Is i a prime number?
False
Let f = -14 - -16. Suppose 0 = -f*u - u + 27. Suppose 402 = -u*n + 11*n. Is n a composite number?
True
Let x(i) = 4063*i**2 + 76*i + 76. Is x(-1) prime?
False
Suppose -2*m + 69 = 5. Let q = 519 - m. Is q a composite number?
False
Let q = 232 - -289. Is q prime?
True
Let v(o) = 28*o**2 - 35*o - 19. Is v(-8) prime?
True
Let h(a) = 1267*a + 242. Is h(7) composite?
True
Is -183*(-10)/((-180)/(-222)) a composite number?
True
Let k be 3*(2 - 3) + 3. Suppose m - 841 = -4*c, k = 4*m + 3 + 9. Is c a prime number?
True
Suppose -r - 25 = 4*r. Is r/((-15)/6) - -33 composite?
True
Is 5 - (5 - -3) - (-274 - 0) a composite number?
False
Let h = -2178 + 4861. Is h a composite number?
False
Suppose 3*k = -3*k. Suppose k = -4*t - 0*t + 24. Suppose 0 = -11*a + t*a + 255. Is a prime?
False
Is 1*19118 + 9/(-4 - -7) composite?
False
Suppose 13 = -p - 0*p - 5*c, 3*p - c - 9 = 0. Let a be (-468)/p*(-5)/(-10). Let x = a - -230. Is x a composite number?
False
Suppose -2*q + 2*j = q - 10, 2*j = 8. Let m be ((-9)/q)/((-1)/(-48)). Let h = -17 - m. Is h a composite number?
True
Let j(f) = f**2 + 12*f - 18. Suppose 4*o - n - 54 = 0, -o + 0*n + 4*n = -21. Is j(o) a prime number?
True
Suppose 152 = 2*r - 2*u, -71 + 11 = -r - 3*u. Let h = 1409 + r. Is h a composite number?
False
Let w be (4 - 190)/(2 - 25/12). Suppose -4*i - v + w = 0, -12 = -2*i - 5*v + 1086. Is i a prime number?
False
Let y(a) = 10*a + 10. Let v be y(-3). Let l be 1606/(-10) + 8/v. Let k = l - -372. Is k composite?
False
Suppose 17*n = 2*l + 19*n - 17184, 4*l - 34363 = -3*n. Is l prime?
False
Suppose -1050 + 8064 = 14*s. Is s composite?
True
Let r(t) be the first derivative of t**6/90 + 7*t**5/120 + 3*t**4/8 - t**3 + 1. Let w(d) be the third derivative of r(d). Is w(-6) composite?
True
Let o(u) = 151*u - 186. Is o(35) a prime number?
True
Let j = 3531 + -277. Is j prime?
False
Let m(t) = 4*t + 6*t + 0 + 3 + 2*t**2 - 3*t**2. Let b be m(11). Is (-1)/4 + (-3146)/b prime?
False
Let h(i) = -31*i - 13. Let q be h(11). Let o = q + 4687. Is o composite?
True
Let q = 404 - 618. Let k(b) = b**3 - 2*b**2 + 11*b + 481. Let w be k(0). Let a = q + w. Is a a composite number?
True
Let f(g) = -14*g**2 - g + 23713. Is f(0) a composite number?
True
Suppose -5*v + 8*v = -4*r + 133386, 222278 = 5*v - 4*r. Is v a prime number?
False
Let o(g) = -488*g - 317. Is o(-33) prime?
True
Let q be ((-5)/(-3))/(2/6). Suppose -5*m = -3*b - 18953, m - 6231 = -q*b - 2418. Is m a prime number?
True
Let y(k) = 4*k**3 + 21*k**2 + 25*k + 31. Let g(q) = -q**3 - q. Let v(b) = 5*g(b) + y(b). Is v(21) a composite number?
True
Let s(t) = 10*t - 1. Suppose -4*g + 16 = -p, 0*p = -5*g - 2*p + 7. Let y be s(g). Let b = 82 - y. Is b composite?
False
Suppose 0 = i + 4*i - 395. Let o = 60 + i. Is o composite?
False
Suppose 3*l = -2*c - 11498 + 176929, -5*l = 2*c - 275725. Is l composite?
False
Let z(w) = 3*w**3 + 2*w**2 - 7*w. Let j = 7 - 2. Let u be z(j). Suppose 5*r = 2*s + 3*s - u, 3*s - 264 = -3*r. Is s a prime number?
True
Let q = 46 + -40. Suppose 0 = 9*j - q*j - 2355. Is j a prime number?
False
Let l = 16225 + -9668. Is l a prime number?
False
Is ((-70807)/164)/((-2)/8) a prime number?
False
Let o(k) = -3*k + 6 + k**2 - k + 0*k**2 + 0*k. Let t be o(4). Suppose -t*m + 250 = -1256. Is m a prime number?
True
Suppose 5*d - 1 = -4*b - 2, 3*b = -12. Suppose 0 = 2*q - 5*h - 142, 3*q - 8*q + d*h = -355. Is q a prime number?
True
Let v(z) = 5*z**2 - 4*z + 12. Is v(11) a composite number?
True
Let t = 31 - 27. Suppose t*g - 4*m + 4 = 0, 4*g = g + m + 7. Suppose -g*o + 636 = -512. Is o composite?
True
Let c = 9490 - -7559. Is c a prime number?
False
Suppose -3*f - 9 + 0 = 0. Let q = 5 + f. Suppose 3*b = 6, x - 4*b = -q*b + 15. Is x a composite number?
False
Let x(m) = -33*m - 16. Let h be x(-7). Let q = h - -434. Is q a prime number?
False
Is ((-8)/(-2) - 20925)/(1/(-1)) a composite number?
False
Suppose 0 = o - 3*f + 14, -3*o + 4*f - 22 = -0*f. Is (6/9)/(o - (-1904)/951) a prime number?
True
Let n(i) = 25*i**3 - 25*i + 2. Is n(7) a composite number?
True
Suppose -5*n + 32 = -w, 2*w = -5*n + w + 38. Let p(h) = h**3 - 7*h**2 + 4*h + 8. Let k be p(n). Suppose k = z - 26. Is z composite?
True
Suppose 4*r - 2*s - 19840 = -r, 0 = -r + 5*s + 3991. Suppose -r = -2*f - 2*z - 2*z, 4*f - 3*z - 7877 = 0. Is f prime?
True
Is (-24987)/(-9) + 30/45 composite?
False
Suppose -7 + 77 = 5*x. Suppose -2*r + x = 6. Suppose -4*g = -5*y - 7*g + 2468, 3*y = r*g + 1475. Is y prime?
False
Suppose -2*c = -4*c + 12. Let f(p) = p**3 - 6*p**2 - 1. Let u be f(c). Is u/((-1)/344) - -3 a prime number?
True
Suppose 4*i = -12, i + 16282 = 4*p - 9133. Is p a prime number?
True
Let f(t) = 629*t + 54. Let d(k) = 314*k + 25. Let z(n) = -13*d(n) + 6*f(n). Suppose 4*o + 2 = 2*o. Is z(o) a prime number?
True
Suppose 3*a = 3*v + 6, 0*a - a - 5*v = -20. Suppose -p = -a*p. Suppose p = 2*w - 2, 0 = 3*t - 2*w - w - 636. Is t a composite number?
True
Suppose -s = -5*v + 394 + 381, 596 = 4*v + 4*s. Suppose v - 627 = k. Let f = k - -920. Is f prime?
False
Suppose -2*j - 7 = 2*j + 3*u, 3*j - 2 = 5*u. Is (5 - 7)*j/(-2)*-177 prime?
False
Let o(x) = 876*x + 395. Is o(23) a prime number?
True
Let q be 8/(-5) + (-8)/20. Let z = 0 - q. Suppose 2*b - 504 = -z*h, 2*b = 4*h - 0*b - 1014. Is h a composite number?
True
Is (26 - 28)*-15193*3/6 composite?
False
Let n(o) = -o**3 + 2. Let a be n(0). Suppose -a*g + 991 = -135. Is g a prime number?
True
Let g = 313 + -607. Let q = 1065 + g. Is q a composite number?
True
Let w(x) = -3*x**3 - 4*x**2 - 4*x + 6. Let s be w(-7). Is -1*(2 - 1 - (s - -3)) p